{"id":127,"date":"2026-04-27T16:40:12","date_gmt":"2026-04-27T16:40:12","guid":{"rendered":"https:\/\/finnishbeefcompany.fi\/?page_id=127"},"modified":"2026-04-27T16:42:49","modified_gmt":"2026-04-27T16:42:49","slug":"commerce-danimaux","status":"publish","type":"page","link":"https:\/\/finnishbeefcompany.fi\/index.php\/commerce-danimaux\/","title":{"rendered":"Commerce d&#8217;animaux"},"content":{"rendered":"\n<p>Finnish Beef Company Oy (FBC) pratique un commerce d&#8217;animaux ax\u00e9 sur les producteurs, portant sur les veaux de races \u00e0 viande finlandais, les jeunes bovins de boucherie et de reproduction ainsi que les vaches. Dans ses activit\u00e9s commerciales, FBC applique les exigences de qualit\u00e9 fix\u00e9es par ses actionnaires pour les bovins de races \u00e0 viande, ainsi que les principes d&#8217;un commerce animal responsable.<br><br><strong>Vente d&#8217;animaux par l&#8217;interm\u00e9diaire de FBC<\/strong> :<br>FBC recherche le meilleur prix possible pour les animaux de ses actionnaires et de ses exploitations partenaires, soit directement aupr\u00e8s des acheteurs, soit par voie d&#8217;ench\u00e8res. L&#8217;objectif est d&#8217;\u00e9tablir une coop\u00e9ration \u00e0 long terme entre FBC et les exploitations. Cette coop\u00e9ration est formalis\u00e9e par un accord de coop\u00e9ration, con\u00e7u principalement dans une perspective de long terme, mais pouvant \u00e9galement ne porter que sur un seul lot d&#8217;animaux. Cette d\u00e9cision appartient au producteur de viande bovine.<br><strong>Informations compl\u00e9mentaires et ventes:<\/strong>&nbsp; info@finnishbeefcompany.fi<br><br><strong>Soumission d&#8217;une offre d&#8217;achat \u00e0 FBC<\/strong> :<br>FBC ex\u00e9cute \u00e9galement des mandats pour le compte d&#8217;acheteurs, en recherchant sur le march\u00e9 finlandais des animaux correspondant \u00e0 leur offre.<br><strong>Informations compl\u00e9mentaires et offres d&#8217;achat:<\/strong>&nbsp; info@finnishbeefcompany.fi<\/p>\n\n\n\n<p><strong>Conditions g\u00e9n\u00e9rales de vente<\/strong> :<br>Les transactions et leurs conditions sont r\u00e9gies par les stipulations fix\u00e9es par Finnish Beef Company en mati\u00e8re commerciale, auxquelles le vendeur adh\u00e8re par la signature de l&#8217;accord de coop\u00e9ration et l&#8217;acheteur par le d\u00e9p\u00f4t d&#8217;une offre.<\/p>\n","protected":false},"excerpt":{"rendered":"<p>Finnish Beef Company Oy (FBC) pratique un commerce d&#8217;animaux ax\u00e9 sur les producteurs, portant sur les veaux de races \u00e0 viande finlandais, les jeunes bovins de boucherie et de reproduction ainsi que les vaches. Dans ses activit\u00e9s commerciales, FBC applique les exigences de qualit\u00e9 fix\u00e9es par ses actionnaires pour les [&hellip;]<\/p>\n","protected":false},"author":1,"featured_media":0,"parent":0,"menu_order":0,"comment_status":"closed","ping_status":"closed","template":"","meta":{"_themeisle_gutenberg_block_has_review":false,"footnotes":""},"class_list":["post-127","page","type-page","status-publish","hentry"],"jetpack_sharing_enabled":true,"_links":{"self":[{"href":"https:\/\/finnishbeefcompany.fi\/index.php\/wp-json\/wp\/v2\/pages\/127","targetHints":{"allow":["GET"]}}],"collection":[{"href":"https:\/\/finnishbeefcompany.fi\/index.php\/wp-json\/wp\/v2\/pages"}],"about":[{"href":"https:\/\/finnishbeefcompany.fi\/index.php\/wp-json\/wp\/v2\/types\/page"}],"author":[{"embeddable":true,"href":"https:\/\/finnishbeefcompany.fi\/index.php\/wp-json\/wp\/v2\/users\/1"}],"replies":[{"embeddable":true,"href":"https:\/\/finnishbeefcompany.fi\/index.php\/wp-json\/wp\/v2\/comments?post=127"}],"version-history":[{"count":2,"href":"https:\/\/finnishbeefcompany.fi\/index.php\/wp-json\/wp\/v2\/pages\/127\/revisions"}],"predecessor-version":[{"id":131,"href":"https:\/\/finnishbeefcompany.fi\/index.php\/wp-json\/wp\/v2\/pages\/127\/revisions\/131"}],"wp:attachment":[{"href":"https:\/\/finnishbeefcompany.fi\/index.php\/wp-json\/wp\/v2\/media?parent=127"}],"curies":[{"name":"wp","href":"https:\/\/api.w.org\/{rel}","templated":true}]}}