{"id":142,"date":"2026-04-27T17:11:36","date_gmt":"2026-04-27T17:11:36","guid":{"rendered":"https:\/\/finnishbeefcompany.fi\/?page_id=142"},"modified":"2026-04-27T17:11:43","modified_gmt":"2026-04-27T17:11:43","slug":"informations-qualite","status":"publish","type":"page","link":"https:\/\/finnishbeefcompany.fi\/index.php\/informations-qualite\/","title":{"rendered":"Informations qualit\u00e9"},"content":{"rendered":"\n<p>La qualit\u00e9 de Finnish Beef Company repose sur une production finlandaise de viande bovine durable et responsable, dans laquelle les vaches allaitantes \u00e9l\u00e8vent elles-m\u00eames leurs veaux, p\u00e2turent et sont nourries principalement \u00e0 base de fourrage herbager. <\/p>\n\n\n\n<p><strong>Les animaux de races \u00e0 viande mis en vente doivent satisfaire aux conditions suivantes:<\/strong><\/p>\n\n\n\n<ul class=\"wp-block-list\">\n<li>La m\u00e9dication et l&#8217;utilisation d&#8217;antibiotiques ne sont autoris\u00e9es que sur prescription et selon les instructions d&#8217;un v\u00e9t\u00e9rinaire.<\/li>\n\n\n\n<li>L&#8217;exploitation est inscrite au registre sanitaire Naseva et dispose d&#8217;un plan sanitaire \u00e9crit, \u00e9tabli par un v\u00e9t\u00e9rinaire \u00e0 la suite d&#8217;une visite de suivi sanitaire, et mis \u00e0 jour chaque ann\u00e9e.<\/li>\n\n\n\n<li>L&#8217;alimentation des animaux repose sur un plan de ration actualis\u00e9, fond\u00e9 sur des analyses fourrag\u00e8res r\u00e9centes.<\/li>\n\n\n\n<li>Les animaux mis en vente doivent repr\u00e9senter au moins la moyenne de leur race, ou tout \u00e9cart doit pouvoir \u00eatre justifi\u00e9 (notamment le gain moyen quotidien et le poids \u00e0 200 jours).<\/li>\n\n\n\n<li>Un certificat sanitaire \u00e9tabli par un v\u00e9t\u00e9rinaire doit \u00eatre fourni pour chaque animal.<\/li>\n\n\n\n<li>L&#8217;exploitation ne doit faire l&#8217;objet d&#8217;aucune injonction de mise en conformit\u00e9 en vigueur en mati\u00e8re de bien-\u00eatre animal.<\/li>\n\n\n\n<li>Les conditions de d\u00e9tention des animaux doivent satisfaire aux exigences fix\u00e9es par la loi relative au bien-\u00eatre animal.<\/li>\n<\/ul>\n\n\n\n<p><\/p>\n\n\n\n<p>Applicable \u00e0 compter du 22 avril 2026 et jusqu&#8217;\u00e0 nouvel ordre. Les conditions sont r\u00e9vis\u00e9es chaque ann\u00e9e.<\/p>\n\n\n\n<p><strong>Liens <\/strong>: Loi sur le bien-\u00eatre animal en Finlande (en finnois) : \u201c<em>Laki el\u00e4inten hyvinvoinnista<\/em>\u201d | 693\/2023 | Recueil des lois et d\u00e9crets de la Finlande | Finlex<\/p>\n","protected":false},"excerpt":{"rendered":"<p>La qualit\u00e9 de Finnish Beef Company repose sur une production finlandaise de viande bovine durable et responsable, dans laquelle les vaches allaitantes \u00e9l\u00e8vent elles-m\u00eames leurs veaux, p\u00e2turent et sont nourries principalement \u00e0 base de fourrage herbager. Les animaux de races \u00e0 viande mis en vente doivent satisfaire aux conditions suivantes: [&hellip;]<\/p>\n","protected":false},"author":1,"featured_media":0,"parent":0,"menu_order":0,"comment_status":"closed","ping_status":"closed","template":"","meta":{"_themeisle_gutenberg_block_has_review":false,"footnotes":""},"class_list":["post-142","page","type-page","status-publish","hentry"],"jetpack_sharing_enabled":true,"_links":{"self":[{"href":"https:\/\/finnishbeefcompany.fi\/index.php\/wp-json\/wp\/v2\/pages\/142","targetHints":{"allow":["GET"]}}],"collection":[{"href":"https:\/\/finnishbeefcompany.fi\/index.php\/wp-json\/wp\/v2\/pages"}],"about":[{"href":"https:\/\/finnishbeefcompany.fi\/index.php\/wp-json\/wp\/v2\/types\/page"}],"author":[{"embeddable":true,"href":"https:\/\/finnishbeefcompany.fi\/index.php\/wp-json\/wp\/v2\/users\/1"}],"replies":[{"embeddable":true,"href":"https:\/\/finnishbeefcompany.fi\/index.php\/wp-json\/wp\/v2\/comments?post=142"}],"version-history":[{"count":1,"href":"https:\/\/finnishbeefcompany.fi\/index.php\/wp-json\/wp\/v2\/pages\/142\/revisions"}],"predecessor-version":[{"id":143,"href":"https:\/\/finnishbeefcompany.fi\/index.php\/wp-json\/wp\/v2\/pages\/142\/revisions\/143"}],"wp:attachment":[{"href":"https:\/\/finnishbeefcompany.fi\/index.php\/wp-json\/wp\/v2\/media?parent=142"}],"curies":[{"name":"wp","href":"https:\/\/api.w.org\/{rel}","templated":true}]}}