{"id":145,"date":"2026-04-27T17:23:56","date_gmt":"2026-04-27T17:23:56","guid":{"rendered":"https:\/\/finnishbeefcompany.fi\/?page_id=145"},"modified":"2026-04-27T17:24:01","modified_gmt":"2026-04-27T17:24:01","slug":"kvalitetsinformation","status":"publish","type":"page","link":"https:\/\/finnishbeefcompany.fi\/index.php\/kvalitetsinformation\/","title":{"rendered":"Kvalitetsinformation"},"content":{"rendered":"\n<p>N\u00f6tk\u00f6ttsproduktion, d\u00e4r korna sj\u00e4lva f\u00f6der upp sina kalvar, betar och utfodras huvudsakligen med vallfoder. <\/p>\n\n\n\n<p><strong>Djur av k\u00f6ttras som bjuds ut till f\u00f6rs\u00e4ljning ska uppfylla f\u00f6ljande villkor:<\/strong><\/p>\n\n\n\n<ul class=\"wp-block-list\">\n<li>Medicinering och anv\u00e4ndning av antibiotika \u00e4r till\u00e5ten endast p\u00e5 veterin\u00e4rs ordination och enligt dennes anvisningar.<\/li>\n\n\n\n<li>G\u00e5rden \u00e4r ansluten till h\u00e4lsoregistret Naseva och har en skriftlig h\u00e4lsov\u00e5rdsplan som uppr\u00e4ttats av veterin\u00e4r p\u00e5 basis av ett h\u00e4lsov\u00e5rdsbes\u00f6k och som uppdateras \u00e5rligen.<\/li>\n\n\n\n<li>Utfodringen av djuren baserar sig p\u00e5 en aktuell utfodringsplan som utg\u00e5r fr\u00e5n foderanalyser.<\/li>\n\n\n\n<li>De djur som s\u00e4ljs ska representera minst rasens genomsnitt, eller s\u00e5 ska avvikelsen kunna motiveras (bland annat daglig tillv\u00e4xt och 200-dagarsvikt).<\/li>\n\n\n\n<li>F\u00f6r djuren ska ett h\u00e4lsointyg utf\u00e4rdat av veterin\u00e4r l\u00e4mnas in.<\/li>\n\n\n\n<li>G\u00e5rden f\u00e5r inte ha n\u00e5gra g\u00e4llande \u00e5tg\u00e4rdsuppmaningar som r\u00f6r djurens v\u00e4lbefinnande.<\/li>\n\n\n\n<li>Djurens h\u00e5llningsf\u00f6rh\u00e5llanden ska uppfylla de krav som st\u00e4lls i djurv\u00e4lf\u00e4rdslagen.<\/li>\n<\/ul>\n\n\n\n<p>G\u00e4ller fr\u00e5n och med den 22 april 2026 tills vidare. Villkoren ses \u00f6ver \u00e5rligen.<\/p>\n\n\n\n<p><strong>L\u00e4nkar<\/strong>:<br>Djurv\u00e4lf\u00e4rdslagen: Lag om djurv\u00e4lf\u00e4rd | 693\/2023 | Finlands f\u00f6rfattningssamling | Finlex<\/p>\n","protected":false},"excerpt":{"rendered":"<p>N\u00f6tk\u00f6ttsproduktion, d\u00e4r korna sj\u00e4lva f\u00f6der upp sina kalvar, betar och utfodras huvudsakligen med vallfoder. Djur av k\u00f6ttras som bjuds ut till f\u00f6rs\u00e4ljning ska uppfylla f\u00f6ljande villkor: G\u00e4ller fr\u00e5n och med den 22 april 2026 tills vidare. Villkoren ses \u00f6ver \u00e5rligen. L\u00e4nkar:Djurv\u00e4lf\u00e4rdslagen: Lag om djurv\u00e4lf\u00e4rd | 693\/2023 | Finlands f\u00f6rfattningssamling | [&hellip;]<\/p>\n","protected":false},"author":1,"featured_media":0,"parent":0,"menu_order":0,"comment_status":"closed","ping_status":"closed","template":"","meta":{"_themeisle_gutenberg_block_has_review":false,"footnotes":""},"class_list":["post-145","page","type-page","status-publish","hentry"],"jetpack_sharing_enabled":true,"_links":{"self":[{"href":"https:\/\/finnishbeefcompany.fi\/index.php\/wp-json\/wp\/v2\/pages\/145","targetHints":{"allow":["GET"]}}],"collection":[{"href":"https:\/\/finnishbeefcompany.fi\/index.php\/wp-json\/wp\/v2\/pages"}],"about":[{"href":"https:\/\/finnishbeefcompany.fi\/index.php\/wp-json\/wp\/v2\/types\/page"}],"author":[{"embeddable":true,"href":"https:\/\/finnishbeefcompany.fi\/index.php\/wp-json\/wp\/v2\/users\/1"}],"replies":[{"embeddable":true,"href":"https:\/\/finnishbeefcompany.fi\/index.php\/wp-json\/wp\/v2\/comments?post=145"}],"version-history":[{"count":1,"href":"https:\/\/finnishbeefcompany.fi\/index.php\/wp-json\/wp\/v2\/pages\/145\/revisions"}],"predecessor-version":[{"id":148,"href":"https:\/\/finnishbeefcompany.fi\/index.php\/wp-json\/wp\/v2\/pages\/145\/revisions\/148"}],"wp:attachment":[{"href":"https:\/\/finnishbeefcompany.fi\/index.php\/wp-json\/wp\/v2\/media?parent=145"}],"curies":[{"name":"wp","href":"https:\/\/api.w.org\/{rel}","templated":true}]}}

<p>Nötköttsproduktion, där korna själva föder upp sina kalvar, betar och utfodras huvudsakligen med vallfoder. </p>



<p><strong>Djur av köttras som bjuds ut till försäljning ska uppfylla följande villkor:</strong></p>



<ul class="wp-block-list">
<li>Medicinering och användning av antibiotika är tillåten endast på veterinärs ordination och enligt dennes anvisningar.</li>



<li>Gården är ansluten till hälsoregistret Naseva och har en skriftlig hälsovårdsplan som upprättats av veterinär på basis av ett hälsovårdsbesök och som uppdateras årligen.</li>



<li>Utfodringen av djuren baserar sig på en aktuell utfodringsplan som utgår från foderanalyser.</li>



<li>De djur som säljs ska representera minst rasens genomsnitt, eller så ska avvikelsen kunna motiveras (bland annat daglig tillväxt och 200-dagarsvikt).</li>



<li>För djuren ska ett hälsointyg utfärdat av veterinär lämnas in.</li>



<li>Gården får inte ha några gällande åtgärdsuppmaningar som rör djurens välbefinnande.</li>



<li>Djurens hållningsförhållanden ska uppfylla de krav som ställs i djurvälfärdslagen.</li>
</ul>



<p>Gäller från och med den 22 april 2026 tills vidare. Villkoren ses över årligen.</p>



<p><strong>Länkar</strong>:<br>Djurvälfärdslagen: Lag om djurvälfärd | 693/2023 | Finlands författningssamling | Finlex</p>

<p>Nötköttsproduktion, där korna själva föder upp sina kalvar, betar och utfodras huvudsakligen med vallfoder. Djur av köttras som bjuds ut till försäljning ska uppfylla följande villkor: Gäller från och med den 22 april 2026 tills vidare. Villkoren ses över årligen. Länkar:Djurvälfärdslagen: Lag om djurvälfärd | 693/2023 | Finlands författningssamling | [&hellip;]</p>
