{"id":280,"date":"2026-05-06T14:53:33","date_gmt":"2026-05-06T14:53:33","guid":{"rendered":"https:\/\/finnishbeefcompany.fi\/?page_id=280"},"modified":"2026-05-06T14:53:41","modified_gmt":"2026-05-06T14:53:41","slug":"informacje-o-jakosci","status":"publish","type":"page","link":"https:\/\/finnishbeefcompany.fi\/index.php\/informacje-o-jakosci\/","title":{"rendered":"Informacje o jako\u015bci"},"content":{"rendered":"\n<p>Wymagania jako\u015bciowe Finnish Beef Company odnosz\u0105 si\u0119 do zr\u00f3wnowa\u017conej i odpowiedzialnej fi\u0144skiej produkcji wo\u0142owiny, w kt\u00f3rej krowy-matki odchowuj\u0105 ciel\u0119ta, korzystaj\u0105 z wypasu, a \u017cywienie opiera si\u0119 na paszach z u\u017cytk\u00f3w zielonych. <\/p>\n\n\n\n<p><strong>Zwierz\u0119ta ras mi\u0119snych oferowane do sprzeda\u017cy spe\u0142niaj\u0105 nast\u0119puj\u0105ce warunki:<\/strong><br><br>&#8211; Leczenie zwierz\u0105t oraz stosowanie antybiotyk\u00f3w odbywa si\u0119 wy\u0142\u0105cznie na zlecenie lekarza weterynarii i zgodnie z zaleceniami.<br>&#8211; U hodowcy funkcjonuje system Naseva oraz dost\u0119pny jest pisemny plan opieki zdrowotnej sporz\u0105dzony przez lekarza weterynarii na podstawie wizyty w ramach opieki zdrowotnej; plan jest aktualizowany co roku.<br>&#8211; \u017bywienie zwierz\u0105t odbywa si\u0119 na podstawie planu \u017cywieniowego przygotowanego w oparciu o aktualne analizy pasz.<br>&#8211; Zwierz\u0119ta przeznaczone do sprzeda\u017cy reprezentuj\u0105 co najmniej \u015bredni poziom swojej rasy lub odchylenie jest uzasadnione (m.in. dzienny przyrost, masa w wieku 200 dni).<br>&#8211; Do zwierz\u0105t do\u0142\u0105czane jest \u015bwiadectwo zdrowia wystawione przez lekarza weterynarii.<br>&#8211; W stadzie nie obowi\u0105zuj\u0105 zalecenia naprawcze dotycz\u0105ce dobrostanu zwierz\u0105t.<br>&#8211; Warunki utrzymania zwierz\u0105t spe\u0142niaj\u0105 wymagania okre\u015blone w ustawie o dobrostanie zwierz\u0105t.<br>&#8211; Warunki obowi\u0105zuj\u0105 od 22.04.2026 do odwo\u0142ania i s\u0105 weryfikowane co roku.<br><br>Linki:<br>Ustawa o dobrostanie zwierz\u0105t: Laki el\u00e4inten hyvinvoinnista | 693\/2023 | Suomen s\u00e4\u00e4d\u00f6skokoelma | Finlex<\/p>\n","protected":false},"excerpt":{"rendered":"<p>Wymagania jako\u015bciowe Finnish Beef Company odnosz\u0105 si\u0119 do zr\u00f3wnowa\u017conej i odpowiedzialnej fi\u0144skiej produkcji wo\u0142owiny, w kt\u00f3rej krowy-matki odchowuj\u0105 ciel\u0119ta, korzystaj\u0105 z wypasu, a \u017cywienie opiera si\u0119 na paszach z u\u017cytk\u00f3w zielonych. Zwierz\u0119ta ras mi\u0119snych oferowane do sprzeda\u017cy spe\u0142niaj\u0105 nast\u0119puj\u0105ce warunki: &#8211; Leczenie zwierz\u0105t oraz stosowanie antybiotyk\u00f3w odbywa si\u0119 wy\u0142\u0105cznie na [&hellip;]<\/p>\n","protected":false},"author":1,"featured_media":0,"parent":0,"menu_order":0,"comment_status":"closed","ping_status":"closed","template":"","meta":{"_themeisle_gutenberg_block_has_review":false,"footnotes":""},"class_list":["post-280","page","type-page","status-publish","hentry"],"jetpack_sharing_enabled":true,"_links":{"self":[{"href":"https:\/\/finnishbeefcompany.fi\/index.php\/wp-json\/wp\/v2\/pages\/280","targetHints":{"allow":["GET"]}}],"collection":[{"href":"https:\/\/finnishbeefcompany.fi\/index.php\/wp-json\/wp\/v2\/pages"}],"about":[{"href":"https:\/\/finnishbeefcompany.fi\/index.php\/wp-json\/wp\/v2\/types\/page"}],"author":[{"embeddable":true,"href":"https:\/\/finnishbeefcompany.fi\/index.php\/wp-json\/wp\/v2\/users\/1"}],"replies":[{"embeddable":true,"href":"https:\/\/finnishbeefcompany.fi\/index.php\/wp-json\/wp\/v2\/comments?post=280"}],"version-history":[{"count":1,"href":"https:\/\/finnishbeefcompany.fi\/index.php\/wp-json\/wp\/v2\/pages\/280\/revisions"}],"predecessor-version":[{"id":281,"href":"https:\/\/finnishbeefcompany.fi\/index.php\/wp-json\/wp\/v2\/pages\/280\/revisions\/281"}],"wp:attachment":[{"href":"https:\/\/finnishbeefcompany.fi\/index.php\/wp-json\/wp\/v2\/media?parent=280"}],"curies":[{"name":"wp","href":"https:\/\/api.w.org\/{rel}","templated":true}]}}